te the greatest common divisor of 1287 and 16553745.
117
Calculate the greatest common divisor of 23874064 and 318184.
10264
What is the greatest common factor of 4273605 and 1470?
105
Calculate the highest common divisor of 74708 and 361912.
76
Calculate the greatest common divisor of 13415430 and 70.
70
Calculate the highest common divisor of 361553 and 4703506.
3317
Calculate the highest common factor of 165219 and 237.
3
Calculate the greatest common divisor of 537983 and 406814.
1901
What is the greatest common divisor of 2850 and 127338?
114
Calculate the highest common factor of 79344 and 22562.
58
Calculate the highest common factor of 6664 and 79114.
14
What is the highest common divisor of 1958 and 6855670?
178
Calculate the highest common factor of 10998 and 8431377.
141
What is the greatest common divisor of 23478 and 20370?
42
What is the highest common factor of 64 and 71952984?
8
What is the highest common factor of 3486538 and 5206?
38
What is the greatest common divisor of 679040 and 1554365?
5305
What is the greatest common divisor of 163967552 and 14?
14
What is the greatest common divisor of 5525 and 15846805?
1105
Calculate the greatest common divisor of 6407 and 3164164.
149
Calculate the highest common divisor of 56232 and 37363608.
5112
Calculate the greatest common divisor of 10191765 and 120.
15
What is the highest common factor of 3933 and 7806131?
437
Calculate the highest common divisor of 680100 and 525.
75
Calculate the greatest common factor of 42182 and 4885384.
322
Calculate the greatest common factor of 133002106 and 3122.
446
Calculate the greatest common divisor of 5535 and 10421190.
135
Calculate the greatest common divisor of 893025 and 4605.
15
What is the greatest common factor of 13889 and 23854766?
817
What is the greatest common factor of 3043 and 51551105?
179
What is the greatest common divisor of 364609 and 1351?
7
Calculate the highest common factor of 5640514 and 7968.
166
Calculate the highest common divisor of 6909 and 79889754.
987
Calculate the highest common divisor of 3645477 and 1656.
207
What is the greatest common divisor of 318 and 457494?
6
What is the greatest common divisor of 33425 and 8900?
25
What is the highest common divisor of 2422 and 1339786?
14
Calculate the greatest common divisor of 849121 and 10192.
637
What is the greatest common factor of 131 and 568302628?
131
Calculate the highest common factor of 4 and 3970.
2
Calculate the highest common factor of 145200 and 19938864.
5808
Calculate the highest common factor of 21242 and 393224.
494
What is the greatest common divisor of 20772 and 5364?
36
Calculate the highest common factor of 2082 and 564916.
694
Calculate the greatest common factor of 4204079 and 462.
11
What is the highest common factor of 3736200 and 56160?
1560
Calculate the greatest common factor of 58 and 2617047.
29
What is the greatest common factor of 126 and 341250?
42
What is the highest common factor of 634 and 7760477?
317
What is the greatest common divisor of 239242 and 4343615?
1961
What is the highest common divisor of 1254 and 488884?
22
Calculate the highest common factor of 36195 and 30150.
15
Calculate the greatest common divisor of 31 and 841513631.
31
What is the highest common divisor of 54 and 3586533498?
54
What is the highest common divisor of 1880550 and 30450?
1050
Calculate the highest common divisor of 13 and 2011288461.
13
Calculate the greatest common factor of 1272431 and 2773.
47
What is the greatest common divisor of 2002110 and 5280?
330
What is the highest common factor of 195550707 and 2007?
669
Calculate the greatest common divisor of 50853 and 957.
33
What is the highest common divisor of 4811 and 1156901?
17
Calculate the greatest common factor of 375174517 and 1367.
1367
Calculate the highest common divisor of 76194 and 186003.
2241
What is the greatest common divisor of 2547 and 445248?
9
Calculate the highest common divisor of 138724 and 7945900.
1756
What is the greatest common divisor of 14801025 and 45?
15
Calculate the greatest common factor of 685174257 and 5409.
5409
Calculate the highest common divisor of 13572 and 124671.
87
What is the highest common factor of 359446 and 3127?
53
Calculate the highest common factor of 187146 and 3609.
9
Calculate the greatest common factor of 2942 and 175287302.
2942
Calculate the highest common divisor of 3 and 137070489.
3
What is the highest common divisor of 45864941 and 37?
37
Calculate the greatest common divisor of 46 and 137675999.
23
Calculate the greatest common divisor of 11737921 and 13.
13
Calculate the highest common factor of 2164 and 18944738.
1082
What is the highest common divisor of 3146 and 21196538?
242
Calculate the highest common factor of 3654 and 136648638.
3654
Calculate the highest common divisor of 20 and 82264.
4
Calculate the highest common divisor of 20702826 and 5384.
1346
What is the highest common factor of 11101103 and 53573?
169
What is the highest common divisor of 5326101 and 158?
79
Calculate the greatest common divisor of 40579 and 27776.
217
What is the greatest common divisor of 21287682 and 3016?
754
Calculate the highest common factor of 2425885 and 8855.
385
Calculate the greatest common divisor of 93156 and 502908.
84
Calculate the highest common divisor of 228810 and 32930.
10
What is the highest common divisor of 2905 and 95607700?
415
What is the greatest common divisor of 160 and 24920760?
40
Calculate the greatest common divisor of 36565511 and 674.
337
What is the greatest common factor of 3536232 and 744184?
5432
Calculate the highest common factor of 2484678 and 2954.
14
What is the highest common divisor of 3690 and 797330895?
615
Calculate the greatest common factor of 54210 and 13130.
130
What is the greatest common divisor of 124 and 248191487?
31
Calculate the greatest common divisor of 146246344 and 2271.
757
Calculate the highest common factor of 31215109 and 4546.
2273
What is the greatest common factor of 30685 and 141835?
95
Calculate the highest common divisor of 36 and 1116676.
4
Calculate the highest common divisor of 9916 and 169417339.
2479
What is the greatest common divisor of 24848 and 584?
8
What is the highest common divisor of 2691264 and 9630?
642
Calculate the highest common divisor of 74292 and 450.
6
What is the highest common factor of 7 and 37634177?
7
Calculate the highest common factor of 1516488 and 8.
8
Calculate the highest common divisor of 3562 and 1021300202.
3562
Calculate the greatest common factor of 14 and 7299278.
14
What is the highest common factor of 21831709 and 34204?
503
What is the greatest common factor of 1850 and 77185330?
370
Calculate the greatest common factor of 41163939 and 279.
279
What is the highest common factor of 2401780 and 21008?
404
What is the highest common factor of 85114514 and 14716?
566
Calculate the highest common factor of 62412415 and 455.
65
Calculate the highest common factor of 1835 and 10040.
5
Calculate the highest common divisor of 36 and 1477612.
4
Calculate the highest common factor of 112 and 20688808.
56
Calculate the greatest common factor of 6585308 and 64476.
796
Calculate the greatest common divisor of 25808804 and 4900.
28
What is the highest common factor of 543370 and 823430?
670
What is the greatest common factor of 12131672 and 68908?
644
What is the greatest common factor of 8712 and 2492424?
792
What is the greatest common factor of 312423 and 185090?
223
Calculate the greatest common divisor of 72444522 and 1074.
1074
What is the highest common divisor of 1163 and 13918784?
1163
Calculate the highest common factor of 176 and 13393648.
16
What is the greatest common factor of 718 and 110772?
2
Calculate the highest common factor of 729113 and 137683.
119
Calculate the highest common factor of 122213660 and 40.
20
What is the greatest common divisor of 1215716 and 425872?
2476
Calculate the greatest common factor of 32114 and 2734.
2
Calculate the greatest common factor of 903 and 113787933.
903
Calculate the highest common factor of 4 and 31957196.
4
Calculate the greatest common divisor of 228577706 and 1148.
574
Calculate the greatest common factor of 6834 and 65994.
102
What is the greatest common factor of 16838470 and 330